{"id":115,"date":"2014-02-21T17:38:53","date_gmt":"2014-02-21T15:38:53","guid":{"rendered":"http:\/\/gruene-fraktion-limburg-weilburg.de\/?page_id=115"},"modified":"2023-05-19T09:54:16","modified_gmt":"2023-05-19T09:54:16","slug":"impressum","status":"publish","type":"page","link":"https:\/\/www.gruene-hadamar-dornburg.de\/index.php\/impressum\/","title":{"rendered":"Impressum"},"content":{"rendered":"<div id=\"cc-m-13042592831\" class=\"j-module n j-header \">\n<h2 id=\"cc-m-header-13042592831\" class=\"\">Impressum<\/h2>\n<\/div>\n<div id=\"cc-m-13042615431\" class=\"j-module n j-text \">\n<p style=\"text-align: left;\" align=\"center\"><strong>Ansprechpartner:<\/strong><\/p>\n<p style=\"text-align: left;\" align=\"center\">Ortsverband B\u00fcndnis 90\/DIE GR\u00dcNEN Hadamar und Dornburg<br \/>\nAndr\u00e9 Franz-Scheuren<br \/>\nHohlstra\u00dfe 3<br \/>\n65589 Hadamar-Niederzeuzheim<\/p>\n<p>Tel.: + 49 1522-7576977<\/p>\n<p style=\"text-align: left;\" align=\"center\">E-Mail: gruene.hadamar-dornburg (at) web.de<\/p>\n<p style=\"text-align: left;\" align=\"center\"><strong><br \/>\nHinweise:<\/strong><\/p>\n<p align=\"center\">\n<p align=\"center\"><strong>Wir verwenden auf unserer Homepage nur Fotos von Mitgliedern und Unterst\u00fctzern unseres Ortsverbandes.<\/strong><\/p>\n<p align=\"center\">Die Genehmigung zur Ver\u00f6ffentlichung liegen uns vor.<\/p>\n<p align=\"center\">\n<p>Hinweise f\u00fcr Abmahnversuche. Im Falle von Namensrecht \/ Domainstreitigkeiten, evtl. Copyrightverletzungen, etc. bitte ich Sie, zur Vermeidung unn\u00f6tiger Rechtsstreite und Kosten, mich bereits im Vorfeld zu kontaktieren. Die Kostennote einer anwaltlichen Abmahnung ohne vorheriger Kontaktaufnahme wird im Sinne der Schadensminderungspflicht als unbegr\u00fcndet zur\u00fcckgewiesen. Unberechtigte Abmahnungen und\/oder Unterlassungserkl\u00e4rungen werden direkt mit einer negativen Feststellungsklage beantwortet.<\/p>\n<p align=\"center\">Ich\u00a0garantiere zudem, dass die zu Recht beanstandeten Passagen unverz\u00fcglich entfernt werden, ohne dass von Ihrer Seite die Einschaltung eines Rechtsbeistandes erforderlich ist.<\/p>\n<p align=\"center\">\nInhaltlich verantwortlich gem\u00e4\u00df \u00a7\u00a7 6 TDG, 10 MDStV :<\/p>\n<p align=\"center\">Ortsverband B\u00fcndnis 90\/DIE GR\u00dcNEN Hadamar und Dornburg<\/p>\n<p><b>Haftungsausschluss:<\/b><\/p>\n<p>Die Inhalte dieser Webseite wurden sorgf\u00e4ltig erarbeitet, wobei Wert darauf gelegt wurde, zutreffende und aktuelle Informationen zur Verf\u00fcgung zu stellen. Gleichwohl ist es m\u00f6glich, dass Fehler auftreten k\u00f6nnen. Des Weiteren weisen wir darauf hin, dass die Informationen von allgemeiner Art sind und nicht auf etwaige besondere Bed\u00fcrfnisse im Einzelfall abgestimmt sind. Es wird keine Gew\u00e4hr weder f\u00fcr Aktualit\u00e4t, Richtigkeit noch Vollst\u00e4ndigkeit der Informationen \u00fcbernommen. Die Nutzung der Inhalte der Webseite erfolgt auf eigene Gefahr des Nutzers. Das gleiche gilt auch f\u00fcr Informationen auf verlinkten Webseiten. Mit der Nutzung dieser Webseite kommt kein Vertragsverh\u00e4ltnis zwischen dem Nutzer und dem Anbieter zustande. Deshalb ergeben sich auch keine vertraglichen oder quasivertraglichen Anspr\u00fcche gegen den Anbieter. Mit Urteil vom 12.05.1998 &#8211; Az.: 312 O 85\/98 &#8211; hat das Landgericht (LG) Hamburg entschieden, dass der Ersteller eines Links die Inhalte der gelinkten Seite ggf. mit zu verantworten hat. Dies kann &#8211; so das Gericht &#8211; nur dadurch verhindert werden, dass man sich ausdr\u00fccklich von diesen Inhalten distanziert. Daher distanzieren ich mich\u00a0hiermit vorsorglich von den Inhalten aller gelinkten Seiten auf diesem Server. Diese Erkl\u00e4rung gilt f\u00fcr s\u00e4mtliche Links und Linksammlungen, die zurzeit bestehen oder in Zukunft bestehen werden.<\/p>\n<p>Ich weise darauf hin, dass sich diese Homepage und s\u00e4mtliche Informationen auf der Homepage nach deutschem Recht richtet. Jeder Benutzer, welcher \u00fcber diesen Disclaimer hinweggeht, um auf unseren einzelnen Seiten Zugriff zu nehmen, erkennt mit dem Weiterbl\u00e4ttern der Seite an, dass sich die Beziehung zwischen ihm und\u00a0mir ausschlie\u00dflich nach deutschem Recht richtet. Vorsorglich weise ich\u00a0darauf hin, dass die von\u00a0mir abgegebenen Informationen auf der Homepage nicht genutzt werden k\u00f6nnen, um Krankheiten oder Leiden selbst zu erkennen und therapieren. F\u00fcr die Vollst\u00e4ndigkeit oder Richtigkeit der Informationen auf dieser Homepage kann ich\u00a0keine Garantie \u00fcbernehmen.\u00a0Ich kann\u00a0nicht ausschlie\u00dfen, dass meine\u00a0Internetseiten auch Informationen durch Dritte aufweisen. F\u00fcr diese Informationen\u00a0kann ich\u00a0keine Haftung \u00fcbernehmen. Dies gilt vor allem auch f\u00fcr Links zu anderen Hompages, die\u00a0ich zwar immer wieder daraufhin \u00fcberpr\u00fcfen, ob sie rechtswidrige Inhalte enthalten, aber keine Gew\u00e4hr daf\u00fcr leisten kann. Die Inhalte dieser Seiten stellen nicht\u00a0meine Meinung dar, die Links werden nur zur Verbesserung der Informationsvielfalt ver\u00f6ffentlicht. S\u00e4mtliche Texte und Grafiken auf\u00a0meinen Homepages sind urheberrechtlich oder durch sonstige Schutzrechte gesch\u00fctzt. Der Gebrauch oder die Vervielf\u00e4ltigung dieser Grafiken und Texte ist ohne die vorherige schriftliche Genehmigung durch uns nicht gestattet. Insbesondere werde\u00a0ich es nicht gestatten, dass Produktbezeichnungen, welche grunds\u00e4tzlich Markenschutz genie\u00dfen, von Dritten gebraucht werden. Um die Internetseite aktuell halten zu k\u00f6nnen, werde\u00a0ich selbstverst\u00e4ndlich die Texte gegebenenfalls \u00e4ndern und \/ oder erg\u00e4nzen. Eine Haftung aus dem Inhalt der Internetseiten ergibt sich nicht. Dank f\u00fcr Ihr Verst\u00e4ndnis.<\/p>\n<p><b>Urheberrecht:<\/b><\/p>\n<p>Inhalt, Struktur und Gestaltung dieser Webseite unterliegen meinen gewerblichen Schutzrechten, im Einzelfall auch Rechten Dritter. Jegliche vom deutschen Urheber- und Leistungsschutzrecht nicht zugelassene Verwertung bedarf der vorherigen schriftlichen Zustimmung des Anbieters oder des jeweiligen Rechteinhabers, insbesondere gilt dies f\u00fcr Vervielf\u00e4ltigung, Bearbeitung, \u00dcbersetzung, Einspeicherung, Verarbeitung bzw. Wiedergabe von Inhalten in Datenbanken oder anderen elektronischen Medien und Systemen. Die unerlaubte Vervielf\u00e4ltigung oder Weitergabe einzelner Inhalte oder kompletter Seiten ist nicht gestattet und strafbar. Lediglich die Herstellung von Kopien f\u00fcr den pers\u00f6nlichen, privaten und nicht kommerziellen Gebrauch ist erlaubt.<\/p>\n<\/div>\n","protected":false},"excerpt":{"rendered":"<p>Impressum Ansprechpartner: Ortsverband B\u00fcndnis 90\/DIE GR\u00dcNEN Hadamar und Dornburg Andr\u00e9 Franz-Scheuren Hohlstra\u00dfe 3 65589 Hadamar-Niederzeuzheim Tel.: + 49 1522-7576977 E-Mail: gruene.hadamar-dornburg (at) web.de Hinweise: Wir verwenden auf unserer Homepage nur [&hellip;]<\/p>\n","protected":false},"author":1,"featured_media":0,"parent":0,"menu_order":0,"comment_status":"closed","ping_status":"closed","template":"","meta":{"footnotes":""},"class_list":["post-115","page","type-page","status-publish","hentry"],"_links":{"self":[{"href":"https:\/\/www.gruene-hadamar-dornburg.de\/index.php\/wp-json\/wp\/v2\/pages\/115","targetHints":{"allow":["GET"]}}],"collection":[{"href":"https:\/\/www.gruene-hadamar-dornburg.de\/index.php\/wp-json\/wp\/v2\/pages"}],"about":[{"href":"https:\/\/www.gruene-hadamar-dornburg.de\/index.php\/wp-json\/wp\/v2\/types\/page"}],"author":[{"embeddable":true,"href":"https:\/\/www.gruene-hadamar-dornburg.de\/index.php\/wp-json\/wp\/v2\/users\/1"}],"replies":[{"embeddable":true,"href":"https:\/\/www.gruene-hadamar-dornburg.de\/index.php\/wp-json\/wp\/v2\/comments?post=115"}],"version-history":[{"count":2,"href":"https:\/\/www.gruene-hadamar-dornburg.de\/index.php\/wp-json\/wp\/v2\/pages\/115\/revisions"}],"predecessor-version":[{"id":880,"href":"https:\/\/www.gruene-hadamar-dornburg.de\/index.php\/wp-json\/wp\/v2\/pages\/115\/revisions\/880"}],"wp:attachment":[{"href":"https:\/\/www.gruene-hadamar-dornburg.de\/index.php\/wp-json\/wp\/v2\/media?parent=115"}],"curies":[{"name":"wp","href":"https:\/\/api.w.org\/{rel}","templated":true}]}}